visor of 2192 and 4078764?
548
What is the greatest common divisor of 37041936 and 208?
16
What is the greatest common divisor of 299 and 54660047?
13
What is the greatest common factor of 519415 and 2119?
13
Calculate the greatest common divisor of 91698372 and 168.
12
What is the highest common divisor of 284356800 and 10633?
1519
What is the greatest common divisor of 15 and 630001235?
5
Calculate the highest common factor of 67512 and 23277672.
2328
What is the highest common factor of 349799234 and 114?
38
What is the greatest common factor of 5070873 and 1416?
177
What is the highest common factor of 2868352 and 10992?
16
Calculate the highest common divisor of 3043555 and 10795.
635
Calculate the highest common factor of 17697 and 11125167.
1041
What is the greatest common factor of 8004 and 103854568?
2668
What is the greatest common factor of 722800 and 1648?
16
Calculate the greatest common factor of 74728775 and 878.
439
What is the greatest common divisor of 254016 and 670086?
54
What is the greatest common divisor of 33056 and 4469312?
32
What is the greatest common divisor of 26110825 and 143?
13
What is the highest common divisor of 24142373 and 46347?
2207
What is the highest common divisor of 2865 and 104969780?
955
What is the greatest common factor of 1530 and 27580110?
30
What is the highest common divisor of 1000672 and 31184?
16
What is the highest common factor of 4929 and 557090367?
4929
What is the highest common factor of 96 and 391141488?
48
What is the highest common divisor of 36 and 158625234?
18
What is the greatest common divisor of 25101 and 1143?
9
What is the highest common divisor of 552257 and 64829?
269
Calculate the greatest common factor of 16355776 and 320.
64
Calculate the greatest common divisor of 42796 and 3692.
52
Calculate the highest common factor of 173958 and 33137898.
2202
What is the greatest common factor of 273460 and 3310448?
452
Calculate the highest common divisor of 9000 and 104871000.
3000
Calculate the greatest common factor of 450624 and 2.
2
What is the greatest common divisor of 34048060 and 2680?
1340
Calculate the highest common factor of 495 and 12002595.
165
Calculate the greatest common factor of 91 and 28131077.
13
Calculate the highest common divisor of 429 and 1688258.
143
Calculate the highest common divisor of 354 and 905650.
118
Calculate the highest common divisor of 18 and 29714571.
9
Calculate the highest common factor of 10430 and 6370.
70
Calculate the highest common factor of 741 and 44909787.
741
Calculate the highest common factor of 865907250 and 52.
26
What is the highest common factor of 22 and 844289974?
22
What is the highest common factor of 612 and 1422324?
36
Calculate the highest common factor of 1995 and 5631605.
35
Calculate the greatest common factor of 2013 and 640299.
33
Calculate the greatest common factor of 497862 and 396882.
306
What is the highest common divisor of 36261 and 44761?
17
What is the highest common divisor of 86727519 and 72?
9
What is the highest common divisor of 4714133 and 215?
43
Calculate the greatest common divisor of 18016489 and 291.
97
What is the greatest common divisor of 544 and 510170?
34
What is the greatest common divisor of 5512740 and 44480?
2780
Calculate the greatest common factor of 55 and 24111263.
11
Calculate the greatest common factor of 230 and 137110.
10
Calculate the highest common factor of 226 and 2172986.
2
Calculate the highest common divisor of 1824 and 776682.
114
What is the greatest common divisor of 27563 and 205927?
43
Calculate the greatest common divisor of 142269 and 159.
3
What is the highest common factor of 132200 and 224040?
40
Calculate the greatest common factor of 76668350 and 10.
10
Calculate the highest common divisor of 1192969290 and 3749.
3749
Calculate the highest common divisor of 529516 and 113594.
442
Calculate the greatest common factor of 24696 and 2107656.
72
Calculate the greatest common factor of 50590 and 2560.
10
What is the highest common divisor of 1817908 and 51448?
236
What is the highest common factor of 6 and 1141815522?
6
Calculate the highest common factor of 1456917 and 1848.
231
Calculate the greatest common factor of 297580 and 100.
20
What is the highest common factor of 61 and 2595977?
61
What is the greatest common divisor of 939750 and 167544?
1074
Calculate the highest common divisor of 1350 and 902470.
10
Calculate the highest common divisor of 3292321595 and 5045.
5045
Calculate the highest common factor of 25991833 and 2191.
2191
Calculate the highest common divisor of 9410 and 13009325.
4705
What is the highest common divisor of 287833040 and 20?
20
What is the highest common divisor of 1888131 and 1092?
21
Calculate the greatest common divisor of 90 and 698815410.
30
Calculate the greatest common factor of 1800 and 74320.
40
Calculate the greatest common divisor of 916785645 and 15.
15
Calculate the highest common divisor of 336 and 10316796.
84
Calculate the greatest common factor of 9265950 and 7080.
1770
What is the greatest common divisor of 3753950 and 850?
50
What is the highest common divisor of 7877048 and 2921?
127
Calculate the greatest common divisor of 107408 and 173136.
16
What is the greatest common divisor of 1892033488 and 12832?
6416
Calculate the greatest common divisor of 10999615 and 860.
215
Calculate the highest common divisor of 2347171 and 1.
1
Calculate the greatest common factor of 176 and 69557552.
16
Calculate the greatest common divisor of 31337065 and 415.
415
Calculate the highest common divisor of 148 and 711980936.
148
Calculate the highest common divisor of 11390 and 718374.
134
Calculate the highest common divisor of 70027 and 181.
1
What is the greatest common divisor of 89384463 and 69?
69
What is the highest common factor of 960 and 390790?
10
What is the greatest common divisor of 12674885 and 14152?
1769
Calculate the highest common factor of 108 and 24365988.
108
Calculate the highest common divisor of 22852709 and 11.
11
Calculate the highest common factor of 42276 and 798637.
271
Calculate the highest common divisor of 4 and 1337554.
2
Calculate the greatest common factor of 1516081 and 184537.
109
What is the highest common factor of 58002 and 41874?
42
Calculate the highest common factor of 176 and 89135464.
88
Calculate the greatest common divisor of 108509 and 104671.
19
Calculate the greatest common divisor of 1489487080 and 4280.
4280
What is the highest common factor of 234776542 and 2548?
1274
Calculate the greatest common divisor of 24603 and 1834251.
177
Calculate the highest common divisor of 7089 and 9129.
51
Calculate the greatest common factor of 50609062 and 126224.
2254
What is the highest common divisor of 80321 and 11377081?
2591
What is the greatest common divisor of 60 and 30248895?
15
Calculate the greatest common divisor of 5942940 and 35520.
2220
Calculate the greatest common divisor of 69 and 7446630.
3
What is the highest common divisor of 29168900 and 10?
10
What is the highest common factor of 963 and 182545959?
321
Calculate the highest common factor of 14924512 and 96.
32
What is the greatest common divisor of 24472728 and 567?
63
Calculate the highest common factor of 779850 and 7200.
450
Calculate the highest common factor of 373871 and 30007.
811
What is the greatest common divisor of 64544 and 4783?
1
What is the greatest common factor of 467580 and 15240?
60
Calculate the greatest common divisor of 703770 and 78.
6
What is the highest common divisor of 199 and 1034718211?
199
Calculate the highest common factor of 19272846 and 3684.
1842
Calculate the greatest common factor of 333250 and 165550.
2150
Calculate the highest common divisor of 3435 and 165135.
15
What is the greatest common divisor of 12257773 and 584171?
4909
Calculate the greatest common factor of 310960668 and 670.
134
What is the greatest common divisor of 49179 and 46587645?
3783
What is the highest common divisor of 876 and 24448722?
438
Calculate the highest common divisor of 378291634 and 5054.
266
Calculate the highest common factor of 138996 and 171028.
572
What is the highest common factor of 22988 and 5231412?
3284
Calculate the greatest common factor of 219097421 and 488.
61
What is the great